{"id":10,"date":"2023-06-27T10:52:59","date_gmt":"2023-06-27T08:52:59","guid":{"rendered":"https:\/\/testumgebung.vsb-mietservice.de\/?page_id=10"},"modified":"2024-04-16T12:35:11","modified_gmt":"2024-04-16T10:35:11","slug":"kontakt","status":"publish","type":"page","link":"https:\/\/testumgebung.vsb-mietservice.de\/index.php\/kontakt\/","title":{"rendered":"Kontakt"},"content":{"rendered":"\n<div class=\"wp-block-columns is-layout-flex wp-container-core-columns-is-layout-eba6756a wp-block-columns-is-layout-flex\">\n<div class=\"wp-block-column is-layout-flow wp-block-column-is-layout-flow\" style=\"flex-basis:20%\">\n<h3 class=\"wp-block-heading\">VSB Miet-Service<\/h3>\n\n\n\n<p>Inhaber:\u00a0Panagiotis Tsarnouchas<br>Domb\u00fchler Str. 45<br>90449 N\u00fcrnberg<br>Eingetragen im Handelsregister N\u00fcrnberg:\u00a0HRB-Nr.: 15201<br>USt-ID:\u00a0DE244454413<\/p>\n<\/div>\n\n\n\n<div class=\"wp-block-column is-layout-flow wp-block-column-is-layout-flow\" style=\"flex-basis:50%\">\n<div class=\"wp-block-contact-form-7-contact-form-selector\">\n<div class=\"wpcf7 no-js\" id=\"wpcf7-f25-o1\" lang=\"de-DE\" dir=\"ltr\" data-wpcf7-id=\"25\">\n<div class=\"screen-reader-response\"><p role=\"status\" aria-live=\"polite\" aria-atomic=\"true\"><\/p> <ul><\/ul><\/div>\n<form action=\"\/index.php\/wp-json\/wp\/v2\/pages\/10#wpcf7-f25-o1\" method=\"post\" class=\"wpcf7-form init demo\" aria-label=\"Kontaktformular\" novalidate=\"novalidate\" data-status=\"init\">\n<fieldset class=\"hidden-fields-container\"><input type=\"hidden\" name=\"_wpcf7\" value=\"25\" \/><input type=\"hidden\" name=\"_wpcf7_version\" value=\"6.1.6\" \/><input type=\"hidden\" name=\"_wpcf7_locale\" value=\"de_DE\" \/><input type=\"hidden\" name=\"_wpcf7_unit_tag\" value=\"wpcf7-f25-o1\" \/><input type=\"hidden\" name=\"_wpcf7_container_post\" value=\"0\" \/><input type=\"hidden\" name=\"_wpcf7_posted_data_hash\" value=\"\" \/>\n<\/fieldset>\n<p><label> Name\n\t\t<font color = \"FF0000\">*\n\t\t<\/font><br \/>\n<span class=\"wpcf7-form-control-wrap\" data-name=\"Vorname\"><input size=\"40\" maxlength=\"400\" class=\"wpcf7-form-control wpcf7-text wpcf7-validates-as-required\" aria-required=\"true\" aria-invalid=\"false\" placeholder=\"Vorname\" value=\"\" type=\"text\" name=\"Vorname\" \/><\/span> <\/label><br \/>\n<span class=\"wpcf7-form-control-wrap\" data-name=\"Nachname\"><input size=\"40\" maxlength=\"400\" class=\"wpcf7-form-control wpcf7-text wpcf7-validates-as-required\" aria-required=\"true\" aria-invalid=\"false\" placeholder=\"Nachname\" value=\"\" type=\"text\" name=\"Nachname\" \/><\/span>\n<\/p>\n<p><label> Ihre E-Mail-Adresse\n\t\t<font color = \"FF0000\">*\n\t\t<\/font><br \/>\n<span class=\"wpcf7-form-control-wrap\" data-name=\"Adress\"><input size=\"40\" maxlength=\"400\" class=\"wpcf7-form-control wpcf7-email wpcf7-validates-as-required wpcf7-text wpcf7-validates-as-email\" aria-required=\"true\" aria-invalid=\"false\" placeholder=\"E-Mail\" value=\"\" type=\"email\" name=\"Adress\" \/><\/span> <\/label>\n<\/p>\n<p><label> Betreff<br \/>\n<span class=\"wpcf7-form-control-wrap\" data-name=\"your-subject\"><input size=\"40\" maxlength=\"400\" class=\"wpcf7-form-control wpcf7-text\" aria-invalid=\"false\" placeholder=\"Betreff\" value=\"\" type=\"text\" name=\"your-subject\" \/><\/span> <\/label>\n<\/p>\n<p><label> Anliegen\n\t\t<font color = \"FF0000\">*\n\t\t<\/font><br \/>\n<span class=\"wpcf7-form-control-wrap\" data-name=\"Anliegen\"><select class=\"wpcf7-form-control wpcf7-select wpcf7-validates-as-required\" aria-required=\"true\" aria-invalid=\"false\" name=\"Anliegen\"><option value=\"\">&#8211; Bitte ausw\u00e4hlen &#8211;<\/option><option value=\"Mieten\">Mieten<\/option><option value=\"Mietkauf\">Mietkauf<\/option><option value=\"Informationen\">Informationen<\/option><option value=\"Termin\">Termin<\/option><\/select><\/span><br \/>\n<\/label>\n<\/p>\n<p><label> Ihre Nachricht\n\t\t<font color = \"FF0000\">*\n\t\t<\/font><br \/>\n<span class=\"wpcf7-form-control-wrap\" data-name=\"Nachricht\"><textarea cols=\"50\" rows=\"9\" maxlength=\"2000\" class=\"wpcf7-form-control wpcf7-textarea\" aria-invalid=\"false\" placeholder=\"Schreiben Sie hier Ihr Anliegen\" name=\"Nachricht\"><\/textarea><\/span><br \/>\n<\/label>\n<\/p>\n\n<!-- reCAPTCHA -->\n<p><input class=\"wpcf7-form-control wpcf7-submit has-spinner\" type=\"submit\" value=\"Senden\" \/>\n<\/p><input type='hidden' class='wpcf7-pum' value='{\"closepopup\":false,\"closedelay\":0,\"openpopup\":false,\"openpopup_id\":0}' \/><div class=\"wpcf7-response-output\" aria-hidden=\"true\"><\/div>\n<\/form>\n<\/div>\n<\/div>\n<\/div>\n\n\n\n<div class=\"wp-block-column is-layout-flow wp-block-column-is-layout-flow\" style=\"flex-basis:20%\">\n<p>Anliegen:<\/p>\n\n\n\n<ul class=\"wp-block-list\">\n<li><u><span class=\"popup-trigger popmake-206 \" data-popup-id=\"206\" data-do-default=\"0\">Miete<\/span><\/u><\/li>\n\n\n\n<li><u><span class=\"popup-trigger popmake-209 \" data-popup-id=\"209\" data-do-default=\"0\">Mietkauf<\/span><\/u><\/li>\n\n\n\n<li><u><span class=\"popup-trigger popmake-211 \" data-popup-id=\"211\" data-do-default=\"0\">Informationen<\/span><\/u><\/li>\n\n\n\n<li><u><span class=\"popup-trigger popmake-213 \" data-popup-id=\"213\" data-do-default=\"0\">Termin<\/span><\/u><\/li>\n<\/ul>\n<\/div>\n<\/div>\n","protected":false},"excerpt":{"rendered":"<p>VSB Miet-Service Inhaber:\u00a0Panagiotis TsarnouchasDomb\u00fchler Str. 4590449 N\u00fcrnbergEingetragen im Handelsregister N\u00fcrnberg:\u00a0HRB-Nr.: 15201USt-ID:\u00a0DE244454413 Anliegen:<\/p>\n","protected":false},"author":1,"featured_media":0,"parent":0,"menu_order":0,"comment_status":"closed","ping_status":"closed","template":"","meta":{"footnotes":""},"class_list":["post-10","page","type-page","status-publish","hentry"],"_links":{"self":[{"href":"https:\/\/testumgebung.vsb-mietservice.de\/index.php\/wp-json\/wp\/v2\/pages\/10","targetHints":{"allow":["GET"]}}],"collection":[{"href":"https:\/\/testumgebung.vsb-mietservice.de\/index.php\/wp-json\/wp\/v2\/pages"}],"about":[{"href":"https:\/\/testumgebung.vsb-mietservice.de\/index.php\/wp-json\/wp\/v2\/types\/page"}],"author":[{"embeddable":true,"href":"https:\/\/testumgebung.vsb-mietservice.de\/index.php\/wp-json\/wp\/v2\/users\/1"}],"replies":[{"embeddable":true,"href":"https:\/\/testumgebung.vsb-mietservice.de\/index.php\/wp-json\/wp\/v2\/comments?post=10"}],"version-history":[{"count":17,"href":"https:\/\/testumgebung.vsb-mietservice.de\/index.php\/wp-json\/wp\/v2\/pages\/10\/revisions"}],"predecessor-version":[{"id":554,"href":"https:\/\/testumgebung.vsb-mietservice.de\/index.php\/wp-json\/wp\/v2\/pages\/10\/revisions\/554"}],"wp:attachment":[{"href":"https:\/\/testumgebung.vsb-mietservice.de\/index.php\/wp-json\/wp\/v2\/media?parent=10"}],"curies":[{"name":"wp","href":"https:\/\/api.w.org\/{rel}","templated":true}]}}